{"id":61,"date":"2020-05-15T18:41:24","date_gmt":"2020-05-15T18:41:24","guid":{"rendered":"https:\/\/slg-forum.de\/wp_slg\/?page_id=61"},"modified":"2020-05-16T15:15:38","modified_gmt":"2020-05-16T15:15:38","slug":"srilanka-deutschland-invest","status":"publish","type":"page","link":"https:\/\/slg-forum.de\/index.php\/srilanka-deutschland-invest\/","title":{"rendered":"About"},"content":{"rendered":"\n<style type=\"text\/css\" data-created_by=\"avia_inline_auto\" id=\"style-css-av-ka8km313-950d4a8df72128652c8a510015eae675\">\n.avia-image-container.av-ka8km313-950d4a8df72128652c8a510015eae675 img.avia_image{\nbox-shadow:none;\n}\n.avia-image-container.av-ka8km313-950d4a8df72128652c8a510015eae675 .av-image-caption-overlay-center{\ncolor:#ffffff;\n}\n<\/style>\n<div  class='avia-image-container av-ka8km313-950d4a8df72128652c8a510015eae675 av-styling- avia-align-center  avia-builder-el-0  el_before_av_heading  avia-builder-el-first '   itemprop=\"image\" itemscope=\"itemscope\" itemtype=\"https:\/\/schema.org\/ImageObject\" ><div class=\"avia-image-container-inner\"><div class=\"avia-image-overlay-wrap\"><img class='wp-image-38 avia-img-lazy-loading-not-38 avia_image ' src='https:\/\/slg-forum.de\/wp_slg\/wp-content\/uploads\/2020\/05\/slide-8.jpg' alt='' title='slide-8'  height=\"430\" width=\"1030\"  itemprop=\"thumbnailUrl\"  \/><\/div><\/div><\/div>\n\n<style type=\"text\/css\" data-created_by=\"avia_inline_auto\" id=\"style-css-av-av_heading-6fb8e7b30db666885e4ca2e0822b5c2f\">\n#top .av-special-heading.av-av_heading-6fb8e7b30db666885e4ca2e0822b5c2f{\npadding-bottom:10px;\nfont-size:26px;\n}\nbody .av-special-heading.av-av_heading-6fb8e7b30db666885e4ca2e0822b5c2f .av-special-heading-tag .heading-char{\nfont-size:25px;\n}\n#top #wrap_all .av-special-heading.av-av_heading-6fb8e7b30db666885e4ca2e0822b5c2f .av-special-heading-tag{\nfont-size:26px;\n}\n.av-special-heading.av-av_heading-6fb8e7b30db666885e4ca2e0822b5c2f .av-subheading{\nfont-size:22px;\n}\n\n@media only screen and (min-width: 480px) and (max-width: 767px){ \n#top #wrap_all .av-special-heading.av-av_heading-6fb8e7b30db666885e4ca2e0822b5c2f .av-special-heading-tag{\nfont-size:0.8em;\n}\n}\n\n@media only screen and (max-width: 479px){ \n#top #wrap_all .av-special-heading.av-av_heading-6fb8e7b30db666885e4ca2e0822b5c2f .av-special-heading-tag{\nfont-size:0.8em;\n}\n}\n<\/style>\n<div  class='av-special-heading av-av_heading-6fb8e7b30db666885e4ca2e0822b5c2f av-special-heading-h1 blockquote modern-quote modern-centered  avia-builder-el-1  el_after_av_image  el_before_av_two_third  av-thin-font av-inherit-size'><h1 class='av-special-heading-tag'  itemprop=\"headline\"  ><strong>St\u00e4rkung der Gesch\u00e4ftsbeziehungen zwischen Deutschland und Sri Lanka.<\/strong><\/h1><div class=\"special-heading-border\"><div class=\"special-heading-inner-border\"><\/div><\/div><\/div>\n\n<style type=\"text\/css\" data-created_by=\"avia_inline_auto\" id=\"style-css-av-1wy-640db79340b914ee954588dbeac0853f\">\n.flex_column.av-1wy-640db79340b914ee954588dbeac0853f{\n-webkit-border-radius:0px 0px 0px 0px;\n-moz-border-radius:0px 0px 0px 0px;\nborder-radius:0px 0px 0px 0px;\npadding:0px 0px 0px 0px;\n}\n<\/style>\n<div class='flex_column av-1wy-640db79340b914ee954588dbeac0853f av_two_third  avia-builder-el-2  el_after_av_heading  el_before_av_one_third  first flex_column_div av-zero-column-padding '     ><p>\n<style type=\"text\/css\" data-created_by=\"avia_inline_auto\" id=\"style-css-av-ka9lxyuv-b8c4230188e7de61d3754b6334b71460\">\n#top .hr.hr-invisible.av-ka9lxyuv-b8c4230188e7de61d3754b6334b71460{\nheight:10px;\n}\n<\/style>\n<div  class='hr av-ka9lxyuv-b8c4230188e7de61d3754b6334b71460 hr-invisible  avia-builder-el-3  el_before_av_textblock  avia-builder-el-first '><span class='hr-inner '><span class=\"hr-inner-style\"><\/span><\/span><\/div><br \/>\n<section  class='av_textblock_section av-ka8ggxk7-8970be87da224cb8554931bbff9da890'  itemscope=\"itemscope\" itemtype=\"https:\/\/schema.org\/CreativeWork\" ><div class='avia_textblock'  itemprop=\"text\" ><div class=\"QmZWSe\">\n<div class=\"DHcWmd\">\n<div id=\"tw-target\">\n<div id=\"kAz1tf\" class=\"g9WsWb\">\n<div id=\"tw-target-text-container\" class=\"tw-ta-container hide-focus-ring tw-nfl\" tabindex=\"0\">\n<p id=\"tw-target-text\" class=\"tw-data-text tw-text-large tw-ta\" dir=\"ltr\" data-placeholder=\"\u00dcbersetzung\"><span lang=\"de\">Das Sri Lanka-Germany Forum (SLG) ist eine Organisation, die gegr\u00fcndet wurde, um den Eintritt deutscher Investoren auf dem singhalesischen Markt und seinenRessourcen zu erleichtern, und um den sighalesischen Unternehmen eine Eintrittsm\u00f6glichkeit auf den deutschen Markt zu bieten. Wen man an Sri Lanka denkt, gehen die Gedanken automatisch an Palmenstr\u00e4nde und Teeplantagen, doch Sri Lanka hat noch mehr zu bieten, die Dortigen Universit\u00e4ten haben im Laufe der Zeit einen Mind-Pool ausgebildet der seinesgleichen sucht. Im Bereich Technologie und Forschung bieten sich hier den Deutschen Unternehmen hervorragende M\u00f6glichkeiten der Kooperation, ebenfalls im Bereich Produktions-Outsourcing.<br \/>\n<\/span><\/p>\n<\/div>\n<\/div>\n<\/div>\n<\/div>\n<\/div>\n<\/div><\/section><\/p><\/div>\n\n<style type=\"text\/css\" data-created_by=\"avia_inline_auto\" id=\"style-css-av-16uy5-c6d4a7538eb9f2d493b76abc6ec7a3a4\">\n.flex_column.av-16uy5-c6d4a7538eb9f2d493b76abc6ec7a3a4{\n-webkit-border-radius:0px 0px 0px 0px;\n-moz-border-radius:0px 0px 0px 0px;\nborder-radius:0px 0px 0px 0px;\npadding:0px 0px 0px 0px;\n}\n<\/style>\n<div class='flex_column av-16uy5-c6d4a7538eb9f2d493b76abc6ec7a3a4 av_one_third  avia-builder-el-5  el_after_av_two_third  el_before_av_one_full  flex_column_div av-zero-column-padding '     ><p>\n<style type=\"text\/css\" data-created_by=\"avia_inline_auto\" id=\"style-css-av-ka9lxyuv-c504b1d7fee3a441efd090af482efd01\">\n#top .hr.hr-invisible.av-ka9lxyuv-c504b1d7fee3a441efd090af482efd01{\nheight:20px;\n}\n<\/style>\n<div  class='hr av-ka9lxyuv-c504b1d7fee3a441efd090af482efd01 hr-invisible  avia-builder-el-6  el_before_av_image  avia-builder-el-first '><span class='hr-inner '><span class=\"hr-inner-style\"><\/span><\/span><\/div><br \/>\n\n<style type=\"text\/css\" data-created_by=\"avia_inline_auto\" id=\"style-css-av-ka8g6tww-114f1c3e841a5ab349421174eb38dc24\">\n.avia-image-container.av-ka8g6tww-114f1c3e841a5ab349421174eb38dc24 img.avia_image{\nbox-shadow:none;\n}\n.avia-image-container.av-ka8g6tww-114f1c3e841a5ab349421174eb38dc24 .av-image-caption-overlay-center{\ncolor:#ffffff;\n}\n<\/style>\n<div  class='avia-image-container av-ka8g6tww-114f1c3e841a5ab349421174eb38dc24 av-styling- avia-align-center  avia-builder-el-7  el_after_av_hr  avia-builder-el-last '   itemprop=\"image\" itemscope=\"itemscope\" itemtype=\"https:\/\/schema.org\/ImageObject\" ><div class=\"avia-image-container-inner\"><div class=\"avia-image-overlay-wrap\"><img class='wp-image-45 avia-img-lazy-loading-not-45 avia_image ' src='https:\/\/slg-forum.de\/wp_slg\/wp-content\/uploads\/2020\/05\/skyscrapers-255408_1920-495x400.jpg' alt='' title='skyscrapers-255408_1920'  height=\"400\" width=\"495\"  itemprop=\"thumbnailUrl\"  \/><\/div><\/div><\/div><\/p><\/div>\n\n<style type=\"text\/css\" data-created_by=\"avia_inline_auto\" id=\"style-css-av-1o231-4a2e5f0b9877f85fef417db0eb9dc0ff\">\n.flex_column.av-1o231-4a2e5f0b9877f85fef417db0eb9dc0ff{\n-webkit-border-radius:0px 0px 0px 0px;\n-moz-border-radius:0px 0px 0px 0px;\nborder-radius:0px 0px 0px 0px;\npadding:0px 0px 0px 0px;\n}\n<\/style>\n<div class='flex_column av-1o231-4a2e5f0b9877f85fef417db0eb9dc0ff av_one_full  avia-builder-el-8  el_after_av_one_third  avia-builder-el-last  first flex_column_div av-zero-column-padding column-top-margin'     ><p>\n<style type=\"text\/css\" data-created_by=\"avia_inline_auto\" id=\"style-css-av-av_heading-9694f03674b933aab8278a229e28f876\">\n#top .av-special-heading.av-av_heading-9694f03674b933aab8278a229e28f876{\npadding-bottom:10px;\nfont-size:24px;\n}\nbody .av-special-heading.av-av_heading-9694f03674b933aab8278a229e28f876 .av-special-heading-tag .heading-char{\nfont-size:25px;\n}\n#top #wrap_all .av-special-heading.av-av_heading-9694f03674b933aab8278a229e28f876 .av-special-heading-tag{\nfont-size:24px;\n}\n.av-special-heading.av-av_heading-9694f03674b933aab8278a229e28f876 .av-subheading{\nfont-size:15px;\n}\n\n@media only screen and (min-width: 480px) and (max-width: 767px){ \n#top #wrap_all .av-special-heading.av-av_heading-9694f03674b933aab8278a229e28f876 .av-special-heading-tag{\nfont-size:0.8em;\n}\n}\n\n@media only screen and (max-width: 479px){ \n#top #wrap_all .av-special-heading.av-av_heading-9694f03674b933aab8278a229e28f876 .av-special-heading-tag{\nfont-size:0.8em;\n}\n}\n<\/style>\n<div  class='av-special-heading av-av_heading-9694f03674b933aab8278a229e28f876 av-special-heading-h2 blockquote modern-quote modern-centered  avia-builder-el-9  el_before_av_image  avia-builder-el-first  av-thin-font av-inherit-size'><h2 class='av-special-heading-tag'  itemprop=\"headline\"  ><strong>Sri Lanka Landwirtschaft: ein schlafender Riese!<\/strong><\/h2><div class=\"special-heading-border\"><div class=\"special-heading-inner-border\"><\/div><\/div><\/div><br \/>\n\n<style type=\"text\/css\" data-created_by=\"avia_inline_auto\" id=\"style-css-av-ka9o6y91-ca4fe2ccaef4906a98c1622199d8fadb\">\n.avia-image-container.av-ka9o6y91-ca4fe2ccaef4906a98c1622199d8fadb img.avia_image{\nbox-shadow:none;\n}\n.avia-image-container.av-ka9o6y91-ca4fe2ccaef4906a98c1622199d8fadb .av-image-caption-overlay-center{\ncolor:#ffffff;\n}\n<\/style>\n<div  class='avia-image-container av-ka9o6y91-ca4fe2ccaef4906a98c1622199d8fadb av-styling- avia-align-center  avia-builder-el-10  el_after_av_heading  el_before_av_textblock '   itemprop=\"image\" itemscope=\"itemscope\" itemtype=\"https:\/\/schema.org\/ImageObject\" ><div class=\"avia-image-container-inner\"><div class=\"avia-image-overlay-wrap\"><img class='wp-image-39 avia-img-lazy-loading-not-39 avia_image ' src='https:\/\/slg-forum.de\/wp_slg\/wp-content\/uploads\/2020\/05\/slide-9.jpg' alt='' title='slide-9'  height=\"430\" width=\"1030\"  itemprop=\"thumbnailUrl\"  \/><\/div><\/div><\/div><br \/>\n<section  class='av_textblock_section av-ka8gic5s-dbc3e96cbda8eae5dd23500f9986a80f'  itemscope=\"itemscope\" itemtype=\"https:\/\/schema.org\/CreativeWork\" ><div class='avia_textblock'  itemprop=\"text\" ><div id=\"tw-target-text-container\" class=\"tw-ta-container hide-focus-ring tw-nfl\" tabindex=\"0\">\n<p id=\"tw-target-text\" class=\"tw-data-text tw-text-large tw-ta\" dir=\"ltr\" data-placeholder=\"\u00dcbersetzung\"><span lang=\"de\">Um den Markt f\u00fcr Bio- und Naturprodukte in Sri Lanka anzukurbeln und gleichzeitig es zu erm\u00f6glichen die lankischen Hersteller exportieren die vor Ort hergestellten hochwertigen Produkte an eine anspruchsvolle deutsche Kundschaft. 2017 trug die Landwirtschaft nur 7,1% zum BIP Sri Lankas bei. Es ist dringend erforderlich, das herauszuheben Erzeuger, kleine und mittlere Unternehmer an der Basis, um den Export zu verarbeiten und zu f\u00f6rdern M\u00e4rkte. In Deutschland werden 2017 USD 506 Millionen aus Sri Lanka importiert, wenn die EU einen Anteil von 30% hat Exporte. Bilden die Gesamtexporte Kokosn\u00fcsse 5%, Lebensmittel und Getr\u00e4nke 4% im selben Jahr. Diese schlechte Leistung wird eindeutig durch viele Faktoren untergraben, die von SLG angesprochen werden. Das Studenten der Food-Fakult\u00e4t der Wayamba University spielen eine wichtige Rolle in der Forschung und Entwicklung von exportierbarem Neuem Produkte. Die SLG hat mit der UOW eine Absichtserkl\u00e4rung f\u00fcr solche Untersuchungen unterzeichnet, um den aktuellen Trends in Deutschland gerecht zu werden. Die Mitglieder der SLG bieten ein vielf\u00e4ltiges Produktportfolio an, darunter Superfood-Produkte wie Jackfrucht, Moringa und Bienenhonig, alle aus biologischem Anbau. Bio-Gem\u00fcse, Kokosnuss und Kokosnussprodukte, Zu diesem Sortiment geh\u00f6ren auch nat\u00fcrliche Teezus\u00e4tze (wie Hibiskus und Trockenfr\u00fcchte). Handwebstuhl und Ein besonderes Highlight sind auch traditionelle Reissorten. Eine weitere traditionelle Branche, die von SLG unterst\u00fctzt wird, ist die Tonkeramikindustrie, die ihren eigenen einzigartigen srilankischen Geschmack hat. Es wurde auch geschaffen, um die technische Ausbildung und den Wissensaustausch von Deutschland nach Sri Lanka zu erm\u00f6glichen. Konzentration auf die Schaffung robuster kleiner und mittlerer Unternehmen (KMU) und Unternehmer. SLG wurde gegr\u00fcndet von dem Architekten Professor Peter Ruge, Frau Andrea Hahn von Text &amp; Press und Suneth Wijesinghe, die hat ist seit 1986 mit Deutschland verbunden und wird von einer der renommiertesten Banken in Deutschland geschickt unterst\u00fctzt Sri Lanka, Hatton National Bank (HNB). Die SLG erh\u00e4lt auch die direkte Schirmherrschaft des Staatsministers f\u00fcr Finanzen und Massenmedien von Sri Lanka, Minister Eran Wickramaratne, der seit 2016 beteiligt war als das Forum erstellt wurde. Die SLG hat derzeit eine Mitgliedschaft in 20 srilankischen KMUs aus \u00f6kologischen, nat\u00fcrlichen und nachhaltigen G\u00fctern, die sind mit \u00fcber 8.000 Bauerngemeinden verbunden. Sie sind auf dem lokalen Markt recht bekannt, sind es aber nicht international. Diese Webseite m\u00f6chte bietet ihnen allen eine Plattform.<br \/>\n<\/span><\/p>\n<\/div>\n<div id=\"tw-target-rmn-container\" class=\"tw-ta-container hide-focus-ring tw-nfl\">\n<p id=\"tw-target-rmn\" class=\"tw-data-placeholder tw-text-small tw-ta\" dir=\"ltr\">\n<\/div>\n<\/div><\/section><br \/>\n\n<style type=\"text\/css\" data-created_by=\"avia_inline_auto\" id=\"style-css-av-av_heading-1dd21ff223fb0a1b9477886c3235335d\">\n#top .av-special-heading.av-av_heading-1dd21ff223fb0a1b9477886c3235335d{\npadding-bottom:10px;\nfont-size:24px;\n}\nbody .av-special-heading.av-av_heading-1dd21ff223fb0a1b9477886c3235335d .av-special-heading-tag .heading-char{\nfont-size:25px;\n}\n#top #wrap_all .av-special-heading.av-av_heading-1dd21ff223fb0a1b9477886c3235335d .av-special-heading-tag{\nfont-size:24px;\n}\n.av-special-heading.av-av_heading-1dd21ff223fb0a1b9477886c3235335d .av-subheading{\nfont-size:15px;\n}\n\n@media only screen and (min-width: 480px) and (max-width: 767px){ \n#top #wrap_all .av-special-heading.av-av_heading-1dd21ff223fb0a1b9477886c3235335d .av-special-heading-tag{\nfont-size:0.8em;\n}\n}\n\n@media only screen and (max-width: 479px){ \n#top #wrap_all .av-special-heading.av-av_heading-1dd21ff223fb0a1b9477886c3235335d .av-special-heading-tag{\nfont-size:0.8em;\n}\n}\n<\/style>\n<div  class='av-special-heading av-av_heading-1dd21ff223fb0a1b9477886c3235335d av-special-heading-h2 blockquote modern-quote modern-centered  avia-builder-el-12  el_after_av_textblock  el_before_av_textblock  av-thin-font av-inherit-size'><h2 class='av-special-heading-tag'  itemprop=\"headline\"  ><strong>Eine Initiative mit gro\u00dfer Unterst\u00fctzung<\/strong><\/h2><div class=\"special-heading-border\"><div class=\"special-heading-inner-border\"><\/div><\/div><\/div><br \/>\n<section  class='av_textblock_section av-ka8gic5s-dbc3e96cbda8eae5dd23500f9986a80f'  itemscope=\"itemscope\" itemtype=\"https:\/\/schema.org\/CreativeWork\" ><div class='avia_textblock'  itemprop=\"text\" ><div id=\"tw-target-text-container\" class=\"tw-ta-container hide-focus-ring tw-nfl\" tabindex=\"0\">\n<p id=\"tw-target-text\" class=\"tw-data-text tw-text-large tw-ta\" dir=\"ltr\" data-placeholder=\"\u00dcbersetzung\"><span lang=\"de\">1986 kam Suneth Wijesinghe dank seines Ingenieurstudiums zum ersten Mal von Sri Lanka nach<br \/>\nDeutschland. Obwohl er sp\u00e4ter als gesch\u00e4ftsf\u00fchrender Direktor von Malco Engineering Pvt Limited<br \/>\nauch in Nordeuropa, im Fernen Osten und in Afrika t\u00e4tig war, sollte die Verbindung bis heute nicht<br \/>\nmehr abrei\u00dfen. Wohl wissend, wie schwierig es f\u00fcr seine sri-lankischen Landsleute ist, auf dem<br \/>\ndeutschen oder \u00fcberhaupt dem europ\u00e4ischen Markt Fu\u00df zu fassen, gr\u00fcndete er 2016 ein Netzwerk,<br \/>\nin dem er seine Kenntnis von beiden M\u00e4rkten zugunsten einer verbesserten wirtschaftlichen<br \/>\nZusammenarbeit beider L\u00e4nder einbringt. Seitdem wurde es kontinuierlich weiterentwickelt und<br \/>\ntr\u00e4gt heute den Namen \u201eSri Lanka-Germany Forum\u201c (SLG). Am 23. Juli 2018 trafen sich in Colombo<br \/>\nInitiatoren, F\u00f6rderer und erste in das Programm aufgenommene Unternehmer, um das Forum<br \/>\noffiziell vorzustellen. Derzeit z\u00e4hlt es zwanzig Mitglieder aus dem Bereich \u00f6kologischer<br \/>\nLandwirtschaft und nachhaltiger Produktion, Tendenz steigend. Unterst\u00fctzt wird es unter anderem<br \/>\nvon Peter Ruge, Berliner Architekt, Professor am Dessau Institute of Architecture der Universit\u00e4t<br \/>\nAnhalt und Gastdozent an der Shenyang Jianzhu University in Shenyang, sowie von der Biologin<br \/>\nAmayaa Wijesinghe und der Journalistin Andrea Hahn. Eine der renommiertesten Banken des<br \/>\nInselstaats, die Hatton National Bank (HNB), stellt Finanzierungsmodelle f\u00fcr die Mitglieder zur<br \/>\nVerf\u00fcgung, und auch der sri-lankische Finanzminister Eran Wickramaratne hat von Beginn an die<br \/>\nT\u00e4tigkeit das SLG-Forums begr\u00fc\u00dft und gef\u00f6rdert.<br \/>\n<\/span><\/p>\n<\/div>\n<div id=\"tw-target-rmn-container\" class=\"tw-ta-container hide-focus-ring tw-nfl\">\n<p id=\"tw-target-rmn\" class=\"tw-data-placeholder tw-text-small tw-ta\" dir=\"ltr\">\n<\/div>\n<\/div><\/section><\/p><\/div>\n","protected":false},"excerpt":{"rendered":"","protected":false},"author":1,"featured_media":0,"parent":0,"menu_order":0,"comment_status":"closed","ping_status":"closed","template":"","meta":{"footnotes":""},"class_list":["post-61","page","type-page","status-publish","hentry"],"_links":{"self":[{"href":"https:\/\/slg-forum.de\/index.php\/wp-json\/wp\/v2\/pages\/61","targetHints":{"allow":["GET"]}}],"collection":[{"href":"https:\/\/slg-forum.de\/index.php\/wp-json\/wp\/v2\/pages"}],"about":[{"href":"https:\/\/slg-forum.de\/index.php\/wp-json\/wp\/v2\/types\/page"}],"author":[{"embeddable":true,"href":"https:\/\/slg-forum.de\/index.php\/wp-json\/wp\/v2\/users\/1"}],"replies":[{"embeddable":true,"href":"https:\/\/slg-forum.de\/index.php\/wp-json\/wp\/v2\/comments?post=61"}],"version-history":[{"count":14,"href":"https:\/\/slg-forum.de\/index.php\/wp-json\/wp\/v2\/pages\/61\/revisions"}],"predecessor-version":[{"id":77,"href":"https:\/\/slg-forum.de\/index.php\/wp-json\/wp\/v2\/pages\/61\/revisions\/77"}],"wp:attachment":[{"href":"https:\/\/slg-forum.de\/index.php\/wp-json\/wp\/v2\/media?parent=61"}],"curies":[{"name":"wp","href":"https:\/\/api.w.org\/{rel}","templated":true}]}}